*s = 14 - b. Let p = s + 132. What is the greatest common divisor of 14 and p?
14
Suppose 5*f - 39*u = -44*u + 295, -4*f - 2*u = -234. Suppose x - 3*l - 178 = 0, 2*l + 490 = 3*x - f. What is the greatest common factor of 24 and x?
8
Let i be (2 + 13)*(-9)/(-27)*51. Let o = i + -245. What is the highest common divisor of 320 and o?
10
Let c(b) be the second derivative of b**5/20 - 23*b**4/12 + 4*b**3 - 21*b**2 + 2*b + 1. Let d be c(22). What is the greatest common divisor of d and 52?
2
Let c be ((-1)/(-1) - 554)*(64 + -65). Calculate the greatest common factor of c and 14.
7
Let f be (1488/336 - 2/2)*7. Calculate the greatest common divisor of f and 561.
3
Suppose 0 = 51*o - 1658 + 471 - 6259. What is the greatest common divisor of 2409 and o?
73
Let f be 3/2*-12*(-4)/3. Suppose 2*g - f = -2*i, 0 = -g - 3*g. Suppose 68 - 8 = 5*d. What is the highest common factor of i and d?
12
Let y(j) be the first derivative of -j**3 - 2*j**2 - 9*j + 6. Let v be y(5). Let z = 182 + v. Calculate the highest common divisor of 52 and z.
26
Suppose -12714*r + 248 = -12772*r + 1582. Calculate the greatest common factor of 4991 and r.
23
Let i = 74 + -52. Let t = 91 - 90. Let u be ((-7)/(-21))/(t/33). Calculate the highest common divisor of i and u.
11
Suppose -4*v + 29 = -c + 61, 0 = c - 3*v - 28. What is the highest common divisor of 824 and c?
8
Let r = 6091 + -5541. What is the highest common factor of 66 and r?
22
Let v(j) be the third derivative of 7*j**4/3 + 32*j**3 - 136*j**2. Let x be v(6). What is the highest common factor of 8 and x?
8
Let h be 666/((-840)/(-48) - 16). What is the highest common divisor of 18500 and h?
148
Let q be (678/(-72)*4)/(358/360 + -1). What is the highest common divisor of q and 60?
60
Let a = -96 - -195. Let m be (-27)/(-6) + (-3)/(-6). Suppose -a + 9 = -m*h. What is the greatest common factor of 72 and h?
18
Suppose -4*k - 56 = 4*x - 8, 0 = -2*k + x - 9. Let p = -70 + k. Let s = -62 - p. Calculate the greatest common divisor of s and 165.
15
Let o = 297 - -709. Suppose 5*l + o = -4*q, -2*q = 4*l + 456 + 344. Let x = l - -550. Calculate the highest common divisor of x and 44.
44
Let h be ((-19720)/255)/(1*3/(-27)). Calculate the greatest common factor of 216 and h.
24
Let i be (4/(-1)*99/264)/((-3)/2120). Calculate the greatest common divisor of 5035 and i.
265
Suppose -46672 + 15540 = -4*o. Calculate the greatest common factor of o and 43.
43
Let s = -38180 + 39638. Calculate the highest common divisor of 918 and s.
54
Let y(m) = -9*m + 53. Let w be y(6). Let r be (136 + w)/15*(11 - -1). Calculate the greatest common divisor of 360 and r.
36
Suppose 137 - 27 = 22*q. Suppose -4*z - 5*x + 91 = -z, q*z = 5*x + 125. Calculate the greatest common factor of z and 90.
9
Let i(f) = -93*f**3 + f**2 - 2. Let w be i(-2). Let q = -354 + w. What is the greatest common factor of q and 14?
14
Let p be (1944/(-180))/(18/(-585)). What is the greatest common divisor of 4602 and p?
39
Let u(h) = -h**3 + 2*h - 3. Let d be u(0). Let b be (-20)/(-2) - 6/d. Let o be (-72)/(-20) + b/(-20). Calculate the greatest common factor of o and 3.
3
Suppose 47*t - 237 = 1032. Suppose 0 = -2*z + z + 3. Suppose 0*w = -z*w + t. What is the greatest common factor of 72 and w?
9
Let z be (6/(-12) - -1)/((-2)/(-4)). Let s be z/(14/(-60))*-7. Suppose -120 = -9*x + 8*x. What is the highest common divisor of x and s?
30
Suppose 0 = -4*y + 3*o + 2*o - 32, -2*y + 10 = 4*o. Let f be y + (0 - -3) - -2. Let g be 36 + f/(-2)*-4 + 3. Calculate the greatest common factor of g and 387.
43
Suppose -2*p - 7 - 1 = 0, -4*h - 4*p = -13552. Calculate the greatest common divisor of h and 265.
53
Let x(p) = 689*p + 1438. Let i be x(-2). Calculate the greatest common divisor of i and 5420.
20
Suppose 0 = -378*k + 384*k - 120. Suppose -40*g + 300 = -k*g. Let o be 1*-1 - -2 - -29. What is the greatest common divisor of g and o?
15
Let s(a) = 76*a + 996. Let q be s(-13). Calculate the highest common divisor of 54 and q.
2
Suppose 4*l = 22*l - 882. What is the greatest common divisor of l and 140?
7
Let j be (-78)/3*(-13 + (-1 - -3)). Suppose -j = -5*h + 569. What is the highest common factor of 9 and h?
9
Let s be ((-6)/(-12) + 10/(-4))*1. Let u(g) = 2*g**2 - 2*g. Let f be u(s). Calculate the highest common divisor of 156 and f.
12
Let p(k) = -548*k + 9626. Let r be p(17). What is the greatest common divisor of r and 496?
62
Let g = -7126 - -7153. Calculate the highest common divisor of 783 and g.
27
Suppose -227 = -m - 5*d, 7 - 13 = 2*d. Let k be (-3)/9 - (-856)/(-6). Let u = k + m. What is the greatest common factor of 11 and u?
11
Let j be ((1 - 0) + 63)*16/((-2176)/(-102)). Let f(t) = -t**3 - 4*t**2 + 6*t + 6. Let s be f(-6). Calculate the highest common divisor of s and j.
6
Let n be -4 + (3 - -451) + (8 - 10). Let r = -587 + 595. What is the highest common factor of n and r?
8
Let o(m) = -88*m + 998. Let r be o(-8). What is the greatest common divisor of 74 and r?
74
Suppose 4*r - 37 = -5*w + 131, -2*w + 4*r = -84. What is the greatest common divisor of 2172 and w?
12
Let c(i) = -132*i + 36. Suppose 3*m = -4*l - 2, -32 = -5*m + 7*m - 5*l. Let n be c(m). What is the greatest common factor of n and 12?
12
Let q(h) = -37441*h - 187166. Let l be q(-5). Let u be (-1)/(-2 - 285/(-143)). Calculate the greatest common divisor of u and l.
13
Let a(q) = -q**3 + 4*q**2 - 3*q + 3. Let z = -58 + 61. Let u be a(z). Let r be -95*(u + 27/(-5) - -2). Calculate the highest common factor of 342 and r.
38
Let o(u) = u**2 + 41*u - 1296. Let f be o(21). What is the greatest common factor of f and 7218?
6
Let q(u) = -2*u**2 - 32*u + 2. Let w be q(-16). Let n be 2 + -7 + w/(14/189). Calculate the highest common divisor of n and 88.
22
Let u = 8 + -5. Suppose -p + j - 783 = -6*p, -3*p + u*j + 459 = 0. Suppose 895 - 2818 = -405*b + 2937. Calculate the highest common divisor of p and b.
12
Suppose 5*n - 14*n + 8073 = 0. Suppose 0 = 6*l + n + 27. Let j = -111 - l. What is the highest common factor of j and 129?
43
Let o be 50/16*2 - 15/12. Let b be 25*(-17)/(-102)*6/o. Calculate the greatest common divisor of 6 and b.
1
Let a = 238 - 233. Suppose a*d - 634 = -509. Calculate the highest common divisor of d and 100.
25
Let f be -1 - -240 - 10 - (-6 - (-5)/1). Calculate the greatest common factor of 185 and f.
5
Suppose -2*f = -2*j - 14, -2*f + 4*f = 4*j + 4. Let u(w) = -14 - 26*w**2 + 24*w**2 + 0 + 27*w. Let y be u(f). Calculate the highest common divisor of y and 11.
11
Let i(f) = f**3 + 20*f**2 + 20*f - 30. Let r be i(-18). Let y be (8 - r/33)*(2 + 9). What is the highest common factor of y and 134?
2
Let g be (-2)/((-52800)/(-3772) + -14). Calculate the greatest common factor of 713 and g.
23
Let k(d) = -d**2 - d - 26. Let c(m) = -m**2 - 1. Let g(j) = -2*c(j) - k(j). Let x be g(-6). What is the highest common divisor of x and 10?
10
Suppose 0 = 2*p + 3*q - 240, -2*p + 110 + 110 = -2*q. Calculate the greatest common divisor of p and 646.
38
Let f(t) = -t**2 + 4*t + 1. Let z be f(3). Suppose 12*x = 13*x + z. Let w(i) = -i**3 + 6*i + 4. Let h be w(x). What is the highest common factor of 11 and h?
11
Suppose 30*l - 155 = 25*l. Suppose -3*w + w = 3*v - l, -5*v = 5*w - 65. Calculate the highest common factor of w and 1.
1
Let k(s) = -s**2 + 19*s + 10. Let z be k(11). Let t be (-4)/22 + ((-1492)/22 - -1). Let r = t + 81. What is the greatest common divisor of z and r?
14
Let u be (3 - (-15 + 31))/((-1)/35). Calculate the highest common divisor of u and 247.
13
Let q(j) = -j**3 - 14*j**2 + 98*j - 3. Let y be q(5). What is the greatest common divisor of 156 and y?
12
Let m(b) = b**2 + 4*b + 182. Let y be m(-14). Let x = y - 2. What is the greatest common factor of x and 30?
10
Suppose 7*m - 5*m + 2 = 5*x, 0 = -2*m + x + 6. Let w be ((-2)/m)/(33/(-330)). Calculate the highest common divisor of w and 20.
5
Let q = 28 + -12. Let o = -4 + q. Suppose f + 3*f = 4*h - 60, 3*h = -3*f + 27. What is the greatest common factor of o and h?
12
Suppose 26*a + 1288 = 5*w + 29*a, a + 4 = 0. Suppose -493 = -2*j + 2*m + 37, j - w = -4*m. What is the greatest common divisor of j and 72?
24
Suppose 0 = -39*z + 4340 + 8764. Calculate the highest common factor of 1064 and z.
56
Suppose -13520 = 21*q - 86*q. Let p = -22 - -74. What is